{"id":26874,"date":"2021-07-29T17:36:12","date_gmt":"2021-07-29T17:36:12","guid":{"rendered":"https:\/\/hansschmidt.de\/?page_id=26874"},"modified":"2021-07-29T18:09:09","modified_gmt":"2021-07-29T18:09:09","slug":"vita","status":"publish","type":"page","link":"https:\/\/hansschmidt.de\/?page_id=26874","title":{"rendered":"VITA"},"content":{"rendered":"<p><strong>Biografie<\/strong><\/p>\n<p>geboren am 14.1.1923 in Leipzig.<\/p>\n<p>verstorben am 14.5.2019<\/p>\n<p>Besuch der Hochschule f\u00fcr Grafik und Buchgestaltung in Leipzig.<\/p>\n<p>1951 &#8211; 1963 Typograf an der Eggebrecht-Presse in Mainz.<\/p>\n<p>1963 &#8211; 1983 zun\u00e4chst Dozent, dann Professor f\u00fcr Typografie und Schrift an der Hochschule f\u00fcr Gestaltung, Offenbach.<\/p>\n<p>&nbsp;<\/p>\n<p><strong>Einzelausstellungen<\/strong><\/p>\n<p>1959\u00a0 Klingspor-Museum, Offenbach<\/p>\n<p>1961\u00a0 Carnegie-Institut, Pittsburg\/USA<\/p>\n<p>1963\u00a0 Gutenberg-Museum, Mainz<\/p>\n<p>1970\u00a0 Klingspor-Museum, Offenbach<\/p>\n<p>1981\u00a0 Universit\u00e4t Mainz<\/p>\n<p>1988\u00a0 Herzog August Bibliothek, Wolfenb\u00fcttel<\/p>\n<p>1988\u00a0 Klingspor-Museum, Offenbach<\/p>\n<p>1989\u00a0 The University of Texas at Austin<\/p>\n<p>San Francisco Public Library<\/p>\n<p>Creative Resource Center Gallery, Kansas City, Missouri<\/p>\n<p>Rochester Institute of Technology, Rochester, New York<\/p>\n<p>1992\u00a0 Galerie Villa Zanders, Bergisch Gladbach<\/p>\n<p>1993\u00a0 Atelier am Strom, Bacharach<\/p>\n<p>1998\u00a0 Galerie Contemporanea, Oberbillig bei Trier<\/p>\n<p>&nbsp;<\/p>\n<p><strong>Ausstellungsbeteiligungen<\/strong><\/p>\n<p>1958\u00a0 Type Director&#8217;s Club, New York<\/p>\n<p>1959\u00a0 Wanderausstellung des Klingspor-Museums in USA<\/p>\n<p>1960\u00a0 Wanderausstellung Deutsche Buchillustration der Gegenwart<\/p>\n<p>1961\u00a0 Deutsche Buchillustration, Beirut<\/p>\n<p>1961\u00a0 Brown-University Providence\/USA<\/p>\n<p>1964\u00a0 Ausstellung &#8222;Schrift und Bild&#8220;, Kunsthalle Baden-Baden<\/p>\n<p>1964\u00a0 &#8222;Lettering by Hand&#8220;, Wanderausstellung des Museums of Modern Art, New York<\/p>\n<p>1965\u00a0 &#8222;Lettering of modern Artists&#8220;, Wanderausstellung des Museums of Modern Art, New York in S\u00fcdamerika1966\u00a0 &#8222;Contemporary Calligraphy&#8220;, Wanderausstellung des Victoria and Albert-Museums, London<\/p>\n<p>1970\u00a0 &#8222;The Art of Letters&#8220;, Scottish National Galery, Edinburgh<\/p>\n<p>1972\u00a0 Type Director&#8217;s Club, New York<\/p>\n<p>1976\u00a0 &#8222;L&#8217;Ecriture&#8220;, Paris<\/p>\n<p>1981\u00a0 &#8222;Das Papier&#8220;, Leopold-Hoesch-Museum, D\u00fcren<\/p>\n<p>2019\u00a0 Schrift &#8211; Choreografie der Zeichen, Kunsthalle der Sparkasse Leipzig<\/p>\n<p>&nbsp;<\/p>\n<p><strong>Ank\u00e4ufe von Museen<\/strong><\/p>\n<p>Klingspor-Museum, Offenbach<\/p>\n<p>Gutenberg-Museum, Mainz<\/p>\n<p>Galerie des 20. Jahrhunderts, Berlin<\/p>\n<p>Museum of Modern Art, New York<\/p>\n<p>Library of Congress, Washington<\/p>\n<p>Victoria and Albert-Museum, London<\/p>\n<p>Casa del Libro, Puerto Rico<\/p>\n<p>St. Thomas University, Houston<\/p>\n<p>Herzog August Bibliothek, Wolfenb\u00fcttel<\/p>\n<p>Public Library, San Francisco<\/p>\n<p>Creative Resource Center Gallery, Kansas City<\/p>\n<p>Galerie Villa Zanders, Bergisch Gladbach<\/p>\n","protected":false},"excerpt":{"rendered":"<p>Biografie geboren am 14.1.1923 in Leipzig. verstorben am 14.5.2019 Besuch der Hochschule f\u00fcr Grafik und Buchgestaltung in Leipzig. 1951 &#8211; 1963 Typograf an der Eggebrecht-Presse in Mainz. 1963 &#8211; 1983 zun\u00e4chst Dozent, dann Professor f\u00fcr Typografie und Schrift an der Hochschule f\u00fcr Gestaltung, Offenbach. &nbsp; Einzelausstellungen 1959\u00a0 Klingspor-Museum, Offenbach 1961\u00a0 Carnegie-Institut, Pittsburg\/USA 1963\u00a0 Gutenberg-Museum, Mainz [&hellip;]<\/p>\n","protected":false},"author":1,"featured_media":0,"parent":0,"menu_order":0,"comment_status":"closed","ping_status":"closed","template":"","meta":{"_et_pb_use_builder":"","_et_pb_old_content":"","_et_gb_content_width":""},"_links":{"self":[{"href":"https:\/\/hansschmidt.de\/index.php?rest_route=\/wp\/v2\/pages\/26874"}],"collection":[{"href":"https:\/\/hansschmidt.de\/index.php?rest_route=\/wp\/v2\/pages"}],"about":[{"href":"https:\/\/hansschmidt.de\/index.php?rest_route=\/wp\/v2\/types\/page"}],"author":[{"embeddable":true,"href":"https:\/\/hansschmidt.de\/index.php?rest_route=\/wp\/v2\/users\/1"}],"replies":[{"embeddable":true,"href":"https:\/\/hansschmidt.de\/index.php?rest_route=%2Fwp%2Fv2%2Fcomments&post=26874"}],"version-history":[{"count":5,"href":"https:\/\/hansschmidt.de\/index.php?rest_route=\/wp\/v2\/pages\/26874\/revisions"}],"predecessor-version":[{"id":26881,"href":"https:\/\/hansschmidt.de\/index.php?rest_route=\/wp\/v2\/pages\/26874\/revisions\/26881"}],"wp:attachment":[{"href":"https:\/\/hansschmidt.de\/index.php?rest_route=%2Fwp%2Fv2%2Fmedia&parent=26874"}],"curies":[{"name":"wp","href":"https:\/\/api.w.org\/{rel}","templated":true}]}}